{"id":289,"date":"2021-05-21T02:37:47","date_gmt":"2021-05-21T05:37:47","guid":{"rendered":"https:\/\/qridos.com\/bra\/?post_type=listing&#038;p=289"},"modified":"2021-08-26T04:13:18","modified_gmt":"2021-08-26T07:13:18","slug":"pedro-oswaldo-cruz","status":"publish","type":"listing","link":"https:\/\/qridos.com\/bra\/listing\/pedro-oswaldo-cruz\/","title":{"rendered":"Pedro Oswaldo Cruz"},"content":{"rendered":"\n<p>O fot\u00f3grafo Pedro Oswaldo Cruz, de 79 anos, neto do m\u00e9dico e cientista Oswaldo Gon\u00e7alves Cruz \u2013 que d\u00e1 nome \u00e0 Funda\u00e7\u00e3o Oswaldo Cruz (Fiocruz), faleceu no dia 6 de junho na cidade do Rio de Janeiro, v\u00edtima de Covid-19. Pedro estava internado no Hospital Silvestre, no Cosme Velho, tamb\u00e9m na Zona Sul.<\/p>\n\n\n\n<p>Segundo sua cunhada, a historiadora e curadora de arte Vanda Klabin, ele faleceu devido a uma s\u00e9rie de fatores associados \u00e0 infec\u00e7\u00e3o do v\u00edrus, e depois tamb\u00e9m bacteriana. &#8220;Estava fazendo hemodi\u00e1lise, fez ventila\u00e7\u00e3o mec\u00e2nica e ia fazer uma traqueostomia. Foi internado no dia 14 de maio e entubado na mesma madrugada\u201d, explicou Klabin.<\/p>\n\n\n\n<p>\u201cEra um excelente fot\u00f3grafo. Teve in\u00edcio no final dos anos sessenta, com aquela gera\u00e7\u00e3o de fot\u00f3grafos bastante requintados e complexos, n\u00e9?, fotografia em preto e branco, de est\u00fadio. E produziu v\u00e1rios livros de arte. V\u00e1rios\u201d, comentou.<\/p>\n\n\n\n<p>Pedro Oswaldo Cruz foi sepultado no Cemit\u00e9rio S\u00e3o Jo\u00e3o Batista, em Botafogo, no jazigo da fam\u00edlia Oswaldo Cruz.<\/p>\n","protected":false},"author":1,"featured_media":292,"comment_status":"open","ping_status":"closed","template":"","listing-category":[84],"list-tags":[],"location":[81],"class_list":["post-289","listing","type-listing","status-publish","has-post-thumbnail","hentry","listing-category-cemiterio-sao-joao-batista","location-rio-de-janeiro"],"_links":{"self":[{"href":"https:\/\/qridos.com\/bra\/wp-json\/wp\/v2\/listing\/289","targetHints":{"allow":["GET"]}}],"collection":[{"href":"https:\/\/qridos.com\/bra\/wp-json\/wp\/v2\/listing"}],"about":[{"href":"https:\/\/qridos.com\/bra\/wp-json\/wp\/v2\/types\/listing"}],"author":[{"embeddable":true,"href":"https:\/\/qridos.com\/bra\/wp-json\/wp\/v2\/users\/1"}],"replies":[{"embeddable":true,"href":"https:\/\/qridos.com\/bra\/wp-json\/wp\/v2\/comments?post=289"}],"wp:featuredmedia":[{"embeddable":true,"href":"https:\/\/qridos.com\/bra\/wp-json\/wp\/v2\/media\/292"}],"wp:attachment":[{"href":"https:\/\/qridos.com\/bra\/wp-json\/wp\/v2\/media?parent=289"}],"wp:term":[{"taxonomy":"listing-category","embeddable":true,"href":"https:\/\/qridos.com\/bra\/wp-json\/wp\/v2\/listing-category?post=289"},{"taxonomy":"list-tags","embeddable":true,"href":"https:\/\/qridos.com\/bra\/wp-json\/wp\/v2\/list-tags?post=289"},{"taxonomy":"location","embeddable":true,"href":"https:\/\/qridos.com\/bra\/wp-json\/wp\/v2\/location?post=289"}],"curies":[{"name":"wp","href":"https:\/\/api.w.org\/{rel}","templated":true}]}}

<p>O fotógrafo Pedro Oswaldo Cruz, de 79 anos, neto do médico e cientista Oswaldo Gonçalves Cruz – que dá nome à Fundação Oswaldo Cruz (Fiocruz), faleceu no dia 6 de junho na cidade do Rio de Janeiro, vítima de Covid-19. Pedro estava internado no Hospital Silvestre, no Cosme Velho, também na Zona Sul.</p>



<p>Segundo sua cunhada, a historiadora e curadora de arte Vanda Klabin, ele faleceu devido a uma série de fatores associados à infecção do vírus, e depois também bacteriana. &#8220;Estava fazendo hemodiálise, fez ventilação mecânica e ia fazer uma traqueostomia. Foi internado no dia 14 de maio e entubado na mesma madrugada”, explicou Klabin.</p>



<p>“Era um excelente fotógrafo. Teve início no final dos anos sessenta, com aquela geração de fotógrafos bastante requintados e complexos, né?, fotografia em preto e branco, de estúdio. E produziu vários livros de arte. Vários”, comentou.</p>



<p>Pedro Oswaldo Cruz foi sepultado no Cemitério São João Batista, em Botafogo, no jazigo da família Oswaldo Cruz.</p>
